c(7)?
0
Suppose 10*f + 5236 = 17*f. What is the tens digit of (-3)/(-24)*8*f?
4
Suppose 6*l = l - 4*d + 30, -5*l - d + 15 = 0. Suppose 7*k = l*k + 25. Suppose 20 = 5*c - k*j, -4*c - 4*j = -0*j. What is the units digit of c?
2
Let t(a) = -2*a**2 + 41*a + 49*a + 12*a + 239 - 88 - 77. What is the tens digit of t(47)?
5
What is the units digit of (-2 - 152/(-64)) + (-752770)/(-80)?
0
Let q(x) = -x**3 + 4*x**2 + 9*x + 10. Let h be q(-8). Suppose 5*k = 3*k + h. What is the hundreds digit of k?
3
Suppose -86800 = -3*a - 2*z, -a - 3*z + 32397 - 3466 = 0. What is the thousands digit of a?
8
Suppose -20*l + 94 = -21*l. Let o = -92 - l. Suppose -o*d = -5*d + 510. What is the units digit of d?
0
Suppose g - 4*i - 41 = 0, 64 = 5*g - 4*i - 61. Suppose -g*f - 15 = -26*f. Suppose 12 = -f*k + 150. What is the tens digit of k?
4
Let p(j) = j**3 + j**2 - 6*j + 5. Let u be (-8 + 7)*(2 + -4). Let d be p(u). Suppose 0 = d*l + 25, m - 6*l + l - 215 = 0. What is the tens digit of m?
9
Let d(m) = -237*m - 96. Suppose -11*j - 4 = 3*t - 6*j, -4*t - j - 11 = 0. What is the tens digit of d(t)?
1
Suppose -45742 = -5*u + 35*o - 31*o, 5*u + o = 45752. Suppose -11*l + u = 4*l. What is the hundreds digit of l?
6
Suppose -2*k = -653 - 253. Suppose 0 = 9*h - 1866 + k. What is the tens digit of h?
5
Suppose -3*o + 4*x = 45, 7*x = -3*o + 12*x - 48. What is the units digit of o/66 + (-26)/(-12)?
2
Let y be (47/(-3))/(4/(-12)). Let q = y + -32. Let c(x) = 2*x + 13. What is the units digit of c(q)?
3
Let j(o) = 5 + 9*o - 3*o - 36. Let z be j(6). Suppose 0 = 3*r + z*i - 424, -i = -5*r + 4*r + 136. What is the hundreds digit of r?
1
Let p be (-2)/(-3) + ((-1338)/(-18) - -3). Suppose -359 + p = -t. What is the hundreds digit of t?
2
Let d = 17931 + -10740. What is the thousands digit of d?
7
Suppose 34*q = 35*q + 2552. Let g = q + 3621. What is the units digit of g?
9
Let l(v) = 423*v**2 - 214*v - 1087. What is the tens digit of l(-5)?
5
What is the thousands digit of (1 - 0)/((-21)/(14 + -277172))?
3
Suppose 2*i - 34220 = 4*o, 0*o + 51322 = 3*i - 2*o. What is the tens digit of i?
0
Let m(d) = -208*d + 351. Let o be 2/(-8) - 310/8. Let n(g) = 26*g - 44. Let f(v) = o*n(v) - 5*m(v). What is the tens digit of f(4)?
6
Let h be (-1 - 12728/(-72)) + (-2)/(-9). Let z = h + -22. What is the units digit of z?
4
Let x be (-18)/(-63) - (-38)/14. Let c be -1 + (-6 - -4) - 5. What is the hundreds digit of ((117*2)/x)/(c/(-12))?
1
Suppose 1505*z = 1525*z - 191440. What is the units digit of z?
2
Suppose -20*d + 2677 = 657. Suppose 52 = 3*p - d. What is the tens digit of p?
5
Let i = 345 - 298. Let m = 392 - 255. Let r = m - i. What is the units digit of r?
0
Let h(y) = 1551*y + 28512. What is the units digit of h(0)?
2
Let f = 2 - 3. Let o(j) = -3*j**2 + 107*j + 96. Let k be o(37). Let d = f - k. What is the units digit of d?
1
Suppose -2*r = -4*d + 4, 0*d = -3*d + 5*r + 10. Suppose -165*h + 166*h + 2 = d. What is the units digit of h/((-5)/(675/10))?
7
Let v(j) = 2*j**3 - 84*j**2 - 3*j + 140. Let m be v(42). What is the units digit of (12900/301)/(3/m)?
0
Let f be (-4168)/(-3) - (-28)/42. Suppose 0 = -5*g + 5*r + f, 4*r + 15 - 3 = 0. What is the tens digit of g?
7
Suppose 13 = 5*u + 2*d, 6*d - 9 = -4*u + 3*d. Suppose i = 3*c - 40, -u*c + 36 = -i + 4*i. Let n(v) = -v**2 + 15*v - 18. What is the units digit of n(c)?
8
What is the tens digit of 1520/(-152) - (-7266)/1?
5
Suppose 54*p - 3788512 = 1034876. What is the ten thousands digit of p?
8
Let m(b) = -9*b + 2. Let l be m(-5). What is the hundreds digit of (-40)/(-6)*(l/2 - -2)?
1
Let t = 136 - 96. Suppose 0 = d - 5*k - 311 - t, 2*d - 662 = 2*k. What is the hundreds digit of d?
3
Suppose 16*z - 960 = 976. Suppose -h = 2*s - 498, s - 2*h = z + 118. What is the units digit of s?
7
Suppose -l = -129*x + 130*x - 55251, -2*l = -2*x - 110466. What is the thousands digit of l?
5
Let n be ((-2301)/(-78))/(1 - (-22)/(-20)). Let f = n + 310. What is the units digit of f?
5
Suppose -1705*l + 2*k - 125438 = -1707*l, 2*l - 4*k = 125426. What is the hundreds digit of l?
7
Let q(y) = 2*y**3 + 11*y**2 - 1. Let p be q(-5). Suppose -9*k + p = -66. Suppose -k*w + 62 = -8*w. What is the tens digit of w?
3
Let y(i) = -2*i + 4. Let c be y(3). Let f(r) = -3*r - 6. Let j be f(c). Suppose j = -4*h + 5*q + 175, -h = -2*h - 3*q + 31. What is the tens digit of h?
4
Let z = -257 - -18750. What is the thousands digit of z?
8
Let h = 63 - -621. Suppose h = -3*r + 4*r + 2*w, 2*w + 2036 = 3*r. What is the tens digit of r?
8
Suppose -r = -4*l - 7797 + 133, 3*r = l + 22992. What is the tens digit of r?
6
Suppose 1100736 = 2199*t - 2183*t. What is the units digit of t?
6
Suppose 0 = 2*x + 83 - 67. What is the tens digit of 367 - (9/36)/((-1)/x)?
6
Let a(w) = 22*w**3 + w**2 + 5*w - 1. Let t be a(3). Suppose -8*q + t = -279. What is the units digit of q?
2
Let f be 3/(0 + 6)*0/(-2). Let u be -1 + f/(-1) + (0 - -1). Suppose 4*c + w - 191 = u, 8*c - 4*c - 5*w - 221 = 0. What is the tens digit of c?
4
Suppose -7*b + 3529 + 4164 = 0. What is the units digit of b?
9
What is the thousands digit of 1*263*(-330624)/(-864)*(-3)/(-4)?
5
Suppose -44 = -4*d - 2*g - 2*g, -3*g - 3 = 0. Suppose 0*l - 5916 = -d*l. What is the hundreds digit of l?
4
Let j(x) be the second derivative of x**4/12 + x**3/3 + 45*x**2/2 + 169*x. What is the hundreds digit of j(24)?
6
Suppose 5*q - 22 = 513. Let v = q - 120. What is the units digit of (-1)/((-2)/360) + 26/v?
8
Let c(q) = 14*q**2 + 119*q + 355. What is the thousands digit of c(32)?
8
Let w(p) = p**2 - 2. Let k be w(2). What is the units digit of (-34950)/(-20)*k/3?
5
Let x(o) = -10*o + 4 + 61*o + 33*o - 15*o. What is the tens digit of x(13)?
0
Suppose -77*d - 34*d - 5*d + 1877924 = 0. What is the ten thousands digit of d?
1
Let g(l) = 299*l**2 - 2*l + 3. Suppose -2*c - 2*v = -6, 6 = 4*c - v + 2*v. What is the hundreds digit of g(c)?
3
Suppose -145250 = 23*u - 49*u + 592942. What is the thousands digit of u?
8
Suppose -30498768 = -461*o - 6478824. What is the ten thousands digit of o?
5
Suppose 3*z - 3*h = 8*z - 7510, -3*z - 3*h = -4500. Let t = z - 1059. What is the units digit of t?
6
Let p = -48 + 58. Suppose 8*a = p*a - 892. What is the tens digit of a?
4
Let y be (-321)/5 + (-1)/(-20)*4. Let g = y + 111. What is the units digit of g?
7
Let p(v) = -2*v + 195. Let q(m) = -2. Let t(d) = p(d) + 6*q(d). What is the tens digit of t(0)?
8
Suppose 8*i - 2*g = 5*i + 17, -5*i - 2*g = -39. What is the units digit of (2 - -36)*(i + 2 - -7)?
8
Let h be 8 - ((24 - 4) + -16). Suppose 3*l + 4 = q, -4*q - 1 = 19. What is the tens digit of (518/l)/(h/(-6))?
5
Suppose 2*q = -4*h + 4862, -5*q - 2028 = -2*h + 433. Let k = 2069 - h. What is the hundreds digit of k?
8
Let s(a) = 135*a**3 - 33*a + 72. What is the hundreds digit of s(4)?
5
Suppose -5*u - 2*v = -5431, -20*v = -17*v + 6. What is the thousands digit of u?
1
Let q = -15 - -49. Let f(s) = -2*s**2 + 23*s + 5*s - q + 5*s + 2*s. What is the tens digit of f(16)?
1
What is the thousands digit of (-13)/(-39) - 70676/(-12)?
5
Let y(s) = 8*s - 133. Let f be y(16). Let a(h) = -4*h**2 + 11 + 0*h**3 - 2*h**3 - 2*h**2 + 8*h. What is the units digit of a(f)?
1
Suppose -13*f = -8564 - 7049. Let y = f - 19. What is the hundreds digit of y?
1
What is the tens digit of (1728/(-28) + (-16)/56)*-31?
2
What is the hundreds digit of (7/(-14)*21)/(13098/(-2616) - -5)?
5
Let v(o) = 8471*o**2 - 111*o + 227. What is the thousands digit of v(3)?
6
Let m(p) = p**2 - 3*p + 3. Let c be m(4). Let x(s) = -5*s - 8. Let r be x(-43). Suppose 360 = c*v - r. What is the tens digit of v?
8
Let w(v) = -39*v**2 - 19*v - 49. Let a(m) = 26*m**2 + 13*m + 33. Let d(l) = 8*a(l) + 5*w(l). Let t be d(-6). Let k = t - 308. What is the units digit of k?
5
Let s(q) = q**2 - 2*q - 57. Let z be s(9). Let w(h) = -9*h**2 + 78*h - 3. What is the units digit of w(z)?
1
Suppose 3*n = -4*y + 3, -2*y - 21 = -0*n - 3*n. Let h be n + -1 - (4 + -7). Let r(i) = 5*i**2 - 13*i - 2. What is the hundreds digit of r(h)?
1
Let d = 24 + -15. Suppose -d*l = -51 + 15. Suppose 4*t - l*h - 500 = 0, 2*h - 128 = 2*t - 3*t. What is the units digit of t?
6
Let y(a) = 2*a + 57. Let d be y(-29). What is the hundreds digit of (-1 + -379 + 5)/(d + 0)?
3
Suppose 3*g + j - 36295 = 0, -j = -16*g +